08 is divided by 101.
94
Calculate the remainder when 2801 is divided by 486.
371
Calculate the remainder when 3217 is divided by 77.
60
What is the remainder when 70415 is divided by 67?
65
What is the remainder when 289 is divided by 142?
5
What is the remainder when 11116 is divided by 280?
196
What is the remainder when 13187 is divided by 119?
97
Calculate the remainder when 3757 is divided by 1600.
557
What is the remainder when 29395 is divided by 361?
154
Calculate the remainder when 316377 is divided by 183.
153
What is the remainder when 15282 is divided by 1385?
47
What is the remainder when 1342154 is divided by 559?
554
What is the remainder when 7700 is divided by 17?
16
What is the remainder when 14821 is divided by 1465?
171
What is the remainder when 42910 is divided by 72?
70
What is the remainder when 1004 is divided by 72?
68
What is the remainder when 6462 is divided by 169?
40
What is the remainder when 1547 is divided by 172?
171
What is the remainder when 1611 is divided by 346?
227
What is the remainder when 985 is divided by 513?
472
Calculate the remainder when 124434 is divided by 341.
310
What is the remainder when 6422 is divided by 102?
98
Calculate the remainder when 3235 is divided by 52.
11
What is the remainder when 26092 is divided by 26091?
1
Calculate the remainder when 12874 is divided by 35.
29
Calculate the remainder when 153766 is divided by 77.
74
What is the remainder when 9138 is divided by 150?
138
Calculate the remainder when 12266 is divided by 141.
140
Calculate the remainder when 1396 is divided by 348.
4
What is the remainder when 94981 is divided by 725?
6
What is the remainder when 10367 is divided by 2545?
187
What is the remainder when 11711 is divided by 41?
26
What is the remainder when 34034 is divided by 94?
6
What is the remainder when 43897 is divided by 1253?
42
What is the remainder when 4032 is divided by 1004?
16
Calculate the remainder when 89060 is divided by 46.
4
Calculate the remainder when 102509 is divided by 603.
602
What is the remainder when 306648 is divided by 23588?
4
What is the remainder when 12439 is divided by 4144?
7
Calculate the remainder when 112347 is divided by 57.
0
Calculate the remainder when 4278 is divided by 1300.
378
What is the remainder when 23831 is divided by 42?
17
What is the remainder when 62916 is divided by 18?
6
Calculate the remainder when 30202 is divided by 3355.
7
Calculate the remainder when 8176185 is divided by 49.
45
What is the remainder when 11042 is divided by 3645?
107
What is the remainder when 8830 is divided by 841?
420
Calculate the remainder when 10152 is divided by 3.
0
Calculate the remainder when 92213 is divided by 2049.
8
What is the remainder when 19574 is divided by 323?
194
What is the remainder when 54021 is divided by 83?
71
Calculate the remainder when 576 is divided by 181.
33
Calculate the remainder when 11042 is divided by 84.
38
Calculate the remainder when 2173 is divided by 1042.
89
Calculate the remainder when 298552 is divided by 331.
321
Calculate the remainder when 3833 is divided by 1306.
1221
Calculate the remainder when 77010 is divided by 365.
360
What is the remainder when 57178 is divided by 5198?
0
Calculate the remainder when 4727805 is divided by 57.
54
What is the remainder when 18236 is divided by 424?
4
Calculate the remainder when 24745 is divided by 2474.
5
What is the remainder when 1240 is divided by 19?
5
What is the remainder when 10300 is divided by 649?
565
What is the remainder when 3285 is divided by 410?
5
What is the remainder when 32527 is divided by 16157?
213
Calculate the remainder when 27535 is divided by 574.
557
Calculate the remainder when 1291 is divided by 1068.
223
Calculate the remainder when 6176 is divided by 394.
266
What is the remainder when 33536 is divided by 925?
236
Calculate the remainder when 4529 is divided by 196.
21
Calculate the remainder when 4962 is divided by 615.
42
What is the remainder when 27952 is divided by 4657?
10
What is the remainder when 10555 is divided by 959?
6
Calculate the remainder when 16905 is divided by 16841.
64
Calculate the remainder when 27222 is divided by 5444.
2
What is the remainder when 762 is divided by 37?
22
Calculate the remainder when 3327 is divided by 146.
115
What is the remainder when 4939 is divided by 2439?
61
What is the remainder when 43653 is divided by 268?
237
Calculate the remainder when 10123 is divided by 235.
18
What is the remainder when 5747 is divided by 813?
56
What is the remainder when 8877 is divided by 202?
191
Calculate the remainder when 1450 is divided by 40.
10
What is the remainder when 258 is divided by 49?
13
Calculate the remainder when 2364 is divided by 777.
33
Calculate the remainder when 1305 is divided by 12.
9
What is the remainder when 26563 is divided by 33?
31
What is the remainder when 3768 is divided by 390?
258
What is the remainder when 1739 is divided by 127?
88
Calculate the remainder when 877 is divided by 80.
77
What is the remainder when 577 is divided by 287?
3
What is the remainder when 14517 is divided by 5?
2
Calculate the remainder when 119608 is divided by 59802.
4
What is the remainder when 440933 is divided by 9?
5
What is the remainder when 17114 is divided by 118?
4
Calculate the remainder when 15659 is divided by 27.
26
Calculate the remainder when 696 is divided by 116.
0
Calculate the remainder when 136178 is divided by 136165.
13
What is the remainder when 12217 is divided by 42?
37
What is the remainder when 1402615 is divided by 241?
236
What is the remainder when 630653 is divided by 105108?
5
Calculate the remainder when 64100 is divided by 193.
24
Calculate the remainder when 17709 is divided by 195.
159
Calculate the remainder when 5087 is divided by 736.
671
Calculate the remainder when 19425 is divided by 12.
9
What is the remainder when 22938 is divided by 1039?
80
Calculate the remainder when 8854 is divided by 43.
39
Calculate the remainder when 7887 is divided by 1452.
627
Calculate the remainder when 92250 is divided by 71.
21
What is the remainder when 18973 is divided by 32?
29
What is the remainder when 22642 is divided by 1478?
472
What is the remainder when 7866 is divided by 27?
9
What is the remainder when 14860 is divided by 99?
10
Calculate the remainder when 1604 is divided by 475.
179
What is the remainder when 28713 is divided by 8?
1
What is the remainder when 16414 is divided by 32?
30
What is the remainder when 297587 is divided by 37?
33
What is the remainder when 48482 is divided by 124?
122
Calculate the remainder when 17452 is divided by 202.
80
What is the remainder when 602699 is divided by 121?
119
What is the remainder when 122347 is divided by 292?
291
What is the remainder when 2735 is divided by 25?
10
Calculate the remainder when 14897 is divided by 121.
14
Calculate the remainder when 1410988 is divided by 210.
208
Calculate the remainder when 9477 is divided by 4735.
7
What is the remainder when 8400 is divided by 18?
12
What is the remainder when 129928 is divided by 28?
8
What is the remainder when 4623 is divided by 994?
647
What is the remainder when 13013 is divided by 361?
17
What is the remainder when 6507 is divided by 251?
232
Calculate the remainder when 10851 is divided by 4.
3
Calculate the remainder when 15584 is divided by 7.
2
What is the remainder when 22645 is divided by 566?
5
Calculate the remainder when 48720 is divided by 24356.
8
What is the remainder when 6777 is divided by 6410?
367
What is the remainder when 43509 is divided by 259?
256
What is the remainder when 50969 is divided by 32?
25
What is the remainder when 56377 is divided by 11275?
2
What is the remainder when 327676 is divided by 161?
41
What is the remainder when 340375 is divided by 40?
15
Calculate the remainder when 222851 is divided by 42.
41
What is the remainder when 234389 is divided by 13?
12
What is the remainder when 5553 is divided by 5487?
66
Calculate the remainder when 2122 is divided by 997.
128
What is the remainder when 2610 is divided by 214?
42
What is the remainder when 5200 is divided by 4967?
233
Calculate the remainder when 1633 is divided by 243.
175
Calculate the remainder when 1424 is divided by 